*m. Suppose m*i - 24 = -3*i. What is the units digit of i?
8
Suppose 2*o = 8 + 46. What is the units digit of o?
7
Let f(u) = -u**2 + 1. Let d be f(-2). Let t = -3 - d. Suppose 3*p - 2*p - 5 = t. What is the units digit of p?
5
Let v(i) = 4*i**2 + 3*i - 4. Let n(w) = -w**2 - w + 1. Let s(d) = 5*n(d) + v(d). Let u be s(-5). What is the units digit of -1*u*(-2)/(-4)?
7
Let g = 34 - 55. Suppose 2*h + 8 = 0, -2*h = 2*r - 3*h + 68. What is the units digit of r/g + 2/7?
2
Suppose 0 = f - 6 + 4. Suppose i = f*i - 5. Suppose -5*h - 15 = 10, -3*h + 20 = i*q. What is the units digit of q?
7
Suppose d + 13 = i, -2*d + 8*i - 4*i = 24. Let a = -11 - d. Suppose 4*p - 42 = a*g, 2 = -p + g + 13. What is the units digit of p?
9
Let w(v) = 17*v - 5. Let b be w(4). What is the units digit of 1/3*b/7?
3
Let t(c) = -c**3 - 2*c**2 + 3*c + 4. Let s be t(-3). Suppose -g + 3*a - 84 = -6*g, -3*a = s*g - 66. What is the tens digit of g?
1
Let u(a) = 2*a - 4. Let h(d) = 5*d - 12. Let i(w) = 3*h(w) - 8*u(w). Let s be i(-8). Suppose 4*o + s = 20. What is the units digit of o?
4
Let r(l) = l**3 - 5*l**2 - l + 10. What is the units digit of r(6)?
0
Let s(j) = j**3 + 5*j**2 - 4. Let h be s(-5). Let q = 0 + h. Let l = q + 5. What is the units digit of l?
1
Let h = -19 - -78. What is the units digit of h?
9
Suppose 2*a - 13 = 5*u - 65, 2*u + a = 28. Suppose -w + 0*w + u = 0. Suppose 0 = -2*g - 4*k - 4, -w = -g - 3*g + 2*k. What is the units digit of g?
2
Suppose 4*u - 8 = 2*u. What is the units digit of 5 + u/8*-2?
4
Let r be (-2)/(-4)*8/2. Let u be 0/(-1*(0 + r)). Suppose -7*t = 2*h - 2*t - 4, u = -4*t - 16. What is the tens digit of h?
1
Let r(b) = b**2 - 5*b - 4. Let z be r(5). Let d = z + 40. What is the tens digit of d?
3
Let m(s) = -s**3 - 8*s**2 - 8*s - 4. Let w be m(-7). Suppose 3*b + a - 9 = 0, w*b + 4*a = 5*a + 9. What is the tens digit of b/(((-2)/7)/(-2))?
2
Let i(n) = n**2 - 8*n - 7. Let h be i(8). Let w(p) = p**3 + 6*p**2 - 9*p + 2. What is the units digit of w(h)?
6
Let a = -6 + 13. Let y(i) = i**3 - 6*i**2 - 3*i + 5. What is the units digit of y(a)?
3
Let r = 3 - 5. Let l = 2 - r. Let h = 6 + l. What is the tens digit of h?
1
Suppose -3*d + 6 = -45. What is the units digit of d?
7
Suppose -2*h + 653 + 223 = 0. What is the units digit of h?
8
Suppose 2*g = 7*g - 15. Let v(i) = g*i + 3*i + 3*i + 2*i. What is the units digit of v(1)?
1
Let i(w) be the first derivative of w**3/3 - 7*w**2/2 - 9*w - 1. Let u be 183/21 + (-4)/(-14). What is the units digit of i(u)?
9
Let a(l) = l**3 + 3*l**2 - l + 1. Suppose 0 = 4*g + 2*y + 15 - 3, 2*y + 15 = -5*g. Let h be a(g). Suppose -8*s = -h*s - 4. What is the units digit of s?
1
Let a be ((-258)/2)/(6/4). Let i = a - -123. What is the units digit of i?
7
Let k(g) = 1. Let t(z) = -z - 1. Let w(j) = -3*k(j) + t(j). What is the units digit of w(-12)?
8
Let y = 4 - 0. Suppose y*w + 19 = 3*t, -t - 4*w - 37 = -6*t. What is the units digit of t + 2/(-2) + 1?
9
Let j = 16 + -10. Let q be -3*1*(-4)/j. What is the units digit of (1/q)/(2/20)?
5
Let t(r) = 27*r**2 - r - 1. What is the tens digit of t(1)?
2
Let z = 24 - -37. What is the tens digit of z?
6
Let f be 4 + 1 + 2/(-1). Suppose -2*r - 4*q - 22 = 0, -2*r - r - 18 = f*q. What is the units digit of ((-2)/r)/((-1)/(-2))?
4
Let r be 1/5 + 282/15. Suppose -r - 9 = -4*h. Let n = -4 + h. What is the units digit of n?
3
Let v(j) = -9*j**3 + j**2 + j. Suppose -3*l - 12 = 0, -5*s + 60 = -3*l + 13. Suppose q + 5 = -4*n, s*n - 4*q = 3*n. What is the units digit of v(n)?
9
Suppose 0 = 3*v + 17 - 2. Let c = v - -5. Suppose c = 3*b - 5*b + 20. What is the tens digit of b?
1
Let h(m) = 2*m**2 + 3*m + 2. Let j be h(-4). Let o = 35 - j. What is the tens digit of o?
1
Let s be ((-18)/15)/(3/(-10)). What is the tens digit of (-219)/(-12) - 1/s?
1
Suppose 2*o + 3*b = -2, -4*o = -5*b + 4 - 22. Suppose o*w + 0*w = 2. What is the units digit of w?
1
Suppose 0 = -4*a - 2*m - 18, 7*a - 2*a - 5*m - 15 = 0. Suppose -3*x - 12 = -3*l, 3*x + 1 = -l + 5. Let v = l + a. What is the units digit of v?
2
Let n be (-1)/(-2)*0 - -4. Suppose -n*m - 1 = 2*s - 3*s, 0 = -3*s - 5*m + 3. What is the units digit of s?
1
Let a be (3/(-9))/((-2)/6). Let w(o) be the third derivative of 11*o**6/120 - o**4/24 + o**3/6 - o**2. What is the units digit of w(a)?
1
Suppose -4*f + 10*f - 234 = 0. What is the units digit of f?
9
Let z = 78 - 53. What is the units digit of z?
5
Let o(r) = -r**3 - 9*r**2 - r - 2. Let p be o(-9). Let u = p - 4. What is the units digit of 11/u + 2/6?
4
Let f(a) = -3*a**2 + 1. Let y be f(1). Suppose p + 3*p = 5*h - 16, 5*h - 23 = -3*p. Let o = p - y. What is the units digit of o?
3
Let j(f) be the second derivative of -f**5/20 + 5*f**4/12 + f**3/3 + f**2 - 2*f. What is the tens digit of j(5)?
1
Let h(x) = 8*x**2 - 5*x - 24. What is the hundreds digit of h(-6)?
2
Let w = -202 - -298. What is the tens digit of w?
9
Suppose -373 + 62 = -5*a - 2*d, -d = 2. What is the units digit of a?
3
Suppose -2 + 0 = -2*m, -2*m + 172 = f. What is the hundreds digit of f?
1
Let o = 39 - -4. What is the tens digit of o?
4
What is the hundreds digit of (-6 + (-54)/(-8))/(2/288)?
1
Let u(j) = 25*j. What is the units digit of u(1)?
5
Let y(o) = o**3 - o**2 - 2*o. Let g be y(2). Suppose -22 = -5*v + 3*h, 4*h - 4 + 0 = g. What is the units digit of v?
5
Let g(x) = 2*x**2 + 3*x - 1. Let j be g(2). Let a = -2 - 7. Let k = a + j. What is the units digit of k?
4
Let y(x) = 3*x**2 - 6 - 4*x**2 + 13*x - 1. What is the tens digit of y(10)?
2
Let x be ((-12)/(-15))/(2/115). Suppose -y = -s - 6, -x = -3*y - 4*s - 0*s. What is the tens digit of y?
1
Suppose 3*n - 323 = -5*v, -94 - 230 = -5*v - 4*n. What is the tens digit of v?
6
Let j(f) = 2*f + 3 + f**2 + 2*f - 1. Let d be j(-4). Suppose 0 = -4*c - d*x + 12, 2*x = 4*c - 0*c - 28. What is the units digit of c?
5
Let f = -29 - -84. What is the units digit of f?
5
Let l(x) = -9*x**2 + 3*x - 2. Let f be l(2). Let u = f - -59. Let q = -18 + u. What is the units digit of q?
9
Let h(p) = 2*p**2 + 3*p + 1. Let m be h(-2). Let v(x) = -3*x**2 + 4*x - 2. Let z be v(m). Let k = z - -30. What is the units digit of k?
3
Let t be (-2 - -4) + 0 - 0. Suppose t*a - 2 = 24. What is the tens digit of a?
1
Let y = 44 - 17. What is the tens digit of y?
2
Let y(i) = -33*i**2 - 13*i + 9. Let u(x) = 16*x**2 + 7*x - 5. Let p(n) = -11*u(n) - 6*y(n). What is the tens digit of p(-1)?
2
What is the units digit of (-6)/(-15) - 6*(-63)/30?
3
Suppose -23 = 2*i - 75. What is the units digit of i?
6
Let m be 11*(3 - (0 - -2)). Let h = 3 + m. What is the tens digit of h?
1
Let k = 16 - 7. Suppose 5*z - k = 4*z. What is the units digit of z?
9
Let y(v) = 5*v - 5. What is the units digit of y(5)?
0
Let o = 0 + 1. What is the units digit of o?
1
Suppose -3 + 29 = 2*m - 4*c, 0 = 4*m - 5*c - 67. What is the units digit of m?
3
Suppose 3*u = 2*t + 7, 5*t = 5*u + 2*t - 12. Let s = u + 0. Suppose 0 - s = -3*f. What is the units digit of f?
1
Let o be 5 - 4 - (-2 - -1). Suppose -5*z - 2*j + 57 = o*j, -4*j + 31 = 3*z. What is the tens digit of z?
1
Suppose 0*l = -2*l - 10. Let c = l + 1. What is the units digit of 2 + 0 + -1 - c?
5
Let r(s) = s**3 - 3*s**2 + 2*s + 2. Let x be r(3). Suppose -o + x = -14. What is the tens digit of o?
2
Let l = 210 - -193. What is the units digit of l?
3
What is the units digit of 36/162 + 1166/18?
5
Suppose o = 2*r + 2*r + 40, r = -1. Suppose -o - 52 = -4*v. What is the units digit of v?
2
Let c(t) = -3 + 2*t + 3*t**2 + 3*t**3 - 7*t**3 + 3*t**3. What is the units digit of c(3)?
3
Let a(g) = 7*g**2 + 4*g - 1. Let p be a(3). Suppose 4*l - p + 22 = 0. What is the tens digit of l?
1
What is the units digit of -2*(-3)/18*(-603)/(-3)?
7
Let x(y) = -y**3 + 5*y**2 - y - 1. Let d be x(5). Let s = d + 4. What is the units digit of (-16)/(-8)*s/(-4)?
1
Suppose d - 35 = -4*o + 2, o = 1. What is the units digit of d?
3
Let k be (-15)/(-3)*18/5. Let a = k + -7. What is the units digit of a?
1
Let n(u) = -u**2 - 3*u + 2. Let x be n(-3). Let y = -8 - -8. Suppose -4*i = 7*d - 2*d - 28, 2*d - x*i - 22 = y. What is the units digit of d?
8
Let c(n) = -2*n - 2*n - 2*n + 2*n + 4. Let w be c(-3). Let q = -4 + w. What is the units digit of q?
2
Let l = 22 + -12. Suppose -6 = -l*p + 8*p. What is the units digit of p?
3
Let y